base 13
1c
What is 1 (base 14) in base 12?
1
-69 (base 16) to base 6
-253
-6 (base 9) to base 14
-6
Convert -50 (base 16) to base 7.
-143
-6 (base 13) to base 14
-6
Convert 112 (base 6) to base 4.
230
62 (base 16) to base 8
142
What is -1a (base 16) in base 12?
-22
Convert -16 (base 11) to base 2.
-10001
-11 (base 16) to base 11
-16
Convert -5 (base 13) to base 14.
-5
What is -10 (base 6) in base 11?
-6
What is -2 (base 9) in base 2?
-10
Convert 10000100 (base 2) to base 8.
204
What is 5 (base 15) in base 16?
5
Convert -1100 (base 2) to base 10.
-12
What is 1e (base 16) in base 6?
50
-23 (base 6) to base 9
-16
3 (base 11) to base 12
3
What is -2 (base 15) in base 8?
-2
What is -20020 (base 3) in base 7?
-330
13 (base 16) to base 8
23
What is 1 (base 10) in base 4?
1
What is 1 (base 16) in base 12?
1
-100 (base 5) to base 4
-121
What is -25 (base 10) in base 15?
-1a
What is -6 (base 16) in base 11?
-6
Convert 101100001 (base 2) to base 14.
1b3
What is -10 (base 4) in base 9?
-4
-71 (base 8) to base 13
-45
What is 310 (base 8) in base 11?
172
Convert -7b (base 15) to base 4.
-1310
Convert 13 (base 10) to base 14.
d
7 (base 15) to base 11
7
What is a (base 15) in base 13?
a
Convert -21 (base 3) to base 16.
-7
Convert 1a (base 11) to base 2.
10101
-1122 (base 5) to base 3
-20000
What is -335 (base 6) in base 2?
-10000011
What is -1331 (base 4) in base 9?
-148
1 (base 10) to base 13
1
Convert 0 (base 13) to base 4.
0
Convert -81 (base 11) to base 13.
-6b
What is 58 (base 11) in base 14?
47
Convert 25 (base 12) to base 5.
104
What is 143 (base 9) in base 7?
231
222 (base 3) to base 15
1b
What is 0 (base 6) in base 9?
0
Convert -2 (base 8) to base 6.
-2
What is -53 (base 7) in base 4?
-212
What is 34 (base 7) in base 8?
31
What is -10 (base 10) in base 15?
-a
What is -220 (base 9) in base 14?
-cc
What is 27 (base 11) in base 15?
1e
Convert 14 (base 5) to base 8.
11
What is 2 (base 13) in base 12?
2
-22 (base 8) to base 9
-20
What is 51 (base 7) in base 11?
33
What is 3 (base 13) in base 5?
3
What is -1 (base 15) in base 12?
-1
-5 (base 6) to base 3
-12
What is 2 (base 10) in base 3?
2
304 (base 5) to base 10
79
What is 82 (base 12) in base 3?
10122
Convert 344 (base 8) to base 7.
444
21 (base 12) to base 2
11001
3c (base 13) to base 11
47
What is 22 (base 10) in base 11?
20
-3 (base 14) to base 6
-3
-51 (base 13) to base 12
-56
Convert 31 (base 12) to base 10.
37
What is 2 (base 15) in base 12?
2
-33 (base 16) to base 7
-102
What is 232 (base 7) in base 14?
89
What is 27 (base 11) in base 12?
25
What is 1 (base 11) in base 5?
1
What is -3 (base 4) in base 2?
-11
-2b (base 16) to base 8
-53
What is -303 (base 4) in base 3?
-1220
What is 5 (base 9) in base 15?
5
What is -103 (base 6) in base 12?
-33
4 (base 10) to base 14
4
Convert 232 (base 9) to base 4.
2333
Convert 2 (base 6) to base 5.
2
What is 5 (base 10) in base 9?
5
Convert -1 (base 13) to base 6.
-1
What is 436 (base 7) in base 9?
267
Convert -12 (base 6) to base 3.
-22
What is 11 (base 2) in base 14?
3
What is 3 (base 10) in base 8?
3
What is -10111 (base 2) in base 12?
-1b
Convert 12 (base 11) to base 15.
d
-1 (base 9) to base 14
-1
What is -12 (base 4) in base 13?
-6
Convert 102 (base 4) to base 12.
16
5 (base 15) to base 6
5
Convert 34 (base 12) to base 6.
104
What is -8 (base 11) in base 10?
-8
What is -4 (base 14) in base 15?
-4
104 (base 10) to base 8
150
What is -7b (base 15) in base 10?
-116
What is -20 (base 4) in base 2?
-1000
Convert -3 (base 13) to base 15.
-3
What is -2 (base 11) in base 3?
-2
What is 16 (base 12) in base 7?
24
2 (base 14) to base 4
2
Convert -450 (base 7) to base 11.
-1a0
What is -106 (base 13) in base 15?
-ba
Convert -12 (base 7) to base 12.
-9
-1001 (base 2) to base 5
-14
Convert e (base 16) to base 8.
16
-11 (base 2) to base 11
-3
What is -6 (base 10) in base 13?
-6
-10011 (base 2) to base 14
-15
What is -103 (base 6) in base 10?
-39
212 (base 10) to base 3
21212
-18 (base 10) to base 5
-33
What is 32 (base 11) in base 15?
25
Convert -6 (base 8) to base 9.
-6
What is 6 (base 9) in base 7?
6
Convert -1 (base 2) to base 4.
-1
What is 111011 (base 2) in base 7?
113
5 (base 11) to base 4
11
-3 (base 15) to base 8
-3
What is -11 (base 6) in base 3?
-21
0 (base 5) to base 3
0
What is 1 (base 14) in base 8?
1
Convert -38 (base 16) to base 14.
-40
-17 (base 11) to base 2
-10010
Convert -3 (base 16) to base 13.
-3
11010 (base 2) to base 7
35
What is -b6 (base 16) in base 2?
-10110110
7 (base 13) to base 6
11
Convert 341 (base 6) to base 12.
b1
Convert 202 (base 3) to base 2.
10100
d (base 14) to base 15
d
-315 (base 9) to base 12
-195
What is 1 (base 9) in base 15?
1
1110 (base 2) to base 6
22
2 (base 9) to base 11
2
Convert 400 (base 5) to base 13.
79
What is -115 (base 10) in base 3?
-11021
Convert -40 (base 10) to base 12.
-34
10 (base 12) to base 14
c
Convert -15 (base 12) to base 8.
-21
Convert -105 (base 10) to base 2.
-1101001
What is 20 (base 4) in base 15?
8
140 (base 9) to base 14
85
What is -1 (base 8) in base 16?
-1
Convert -12 (base 7) to base 5.
-14
-113 (base 5) to base 9
-36
-2 (base 7) to base 11
-2
What is -1 (base 8) in base 15?
-1
What is -11 (base 8) in base 15?
-9
Convert -11 (base 8) to base 6.
-13
Convert -62 (base 13) to base 11.
-73
What is 3a (base 15) in base 4?
313
3002 (base 4) to base 11
167
Convert -31 (base 12) to base 13.
-2b
Convert -1010 (base 4) to base 13.
-53
202 (base 5) to base 13
40
-6 (base 14) to base 4
-12
What is -2 (base 3) in base 16?
-2
Convert -82 (base 10) to base 5.
-312
-36 (base 10) to base 15
-26
Convert 3 (base 16) to base 14.
3
Convert 1 (base 12) to base 3.
1
What is -102 (base 3) in base 5?
-21
8 (base 9) to base 14
8
What is 5 (base 10) in base 8?
5
Convert -10000010 (base 2) to base 8.
-202
-21 (base 8) to base 6
-25
What is -102 (base 3) in base 4?
-23
What is -25 (base 15) in base 2?
-100011
Convert 27 (base 9) to base 4.
121
Convert 10 (base 2) to base 15.
2
Convert 2 (base 6) to base 4.
2
Convert 11 (base 2) to base 15.
3
4 (base 9) to base 13
4
-7 (base 9) to base 2
-111
What is -2 (base 16) in base 10?
-2
-104 (base 7) to base 13
-41
What is -23 (base 7) in base 10?
-17
What is -5 (base 7) in base 10?
-5
What is -10 (base 3) in base 11?
-3
-3 (base 6) to base 10
-3
Convert -1 (base 13) to base 15.
-1
What is -44 (base 5) in base 10?
-24
What is -6a (base 15) in base 14?
-72
10 (base 14) to base 13
11
What is 3 (base 12) in base 8?
3
Convert 11 (base 2) to base 13.
3
What is 4 (base 16) in base 12?
4
Convert 1141 (base 5) to base 9.
210
Convert 3 (base 6) to base 8.
3
What is 35 (base 8) in base 5?
104
-2 (base 16) to base 13
-2
45 (base 6) to base 7
41
Convert 4 (base 13) to base 15.
4
Convert 12 (base 10) to base 5.
22
-10b (base 16) to base 4
-10023
Convert 2 (base 8) to base 12.
2
What is -3 (base 5) in base 9?
-3
0 (base 10) to base 6
0
Convert -2 (base 6) to base 14.
-2
-1010 (base 3) to base 10
-30
Convert 10 (base 11) to base 2.
1011
Convert 61 (base 7) to base 9.
47
Convert 36 (base 10) to base 2.
100100
Convert -1100010 (base 2) to base 16.
-62
What is 11 (base 16) in base 11?
16
What is 5 (base 6) in base 2?
101
12 (base 4) to base 8
6
1b (base 12) to base 16
17
What is -1 (base 9) in base 10?
-1
What is -1 (base 11) in base 12?
-1
What is 0 (base 13) in base 4?
0
What is 21 (base 11) in base 5?
43
What is -11 (base 14) in base 11?
-14
Convert 30 (base 10) to base 13.
24
1 (base 7) to base 9
1
What is 5 (base 10) in base 14?
5
Convert -26 (base 11) to base 8.
-34
What is -255 (base 7) in base 2?
-10001010
What is -11 (base 7) in base 11?
-8
-1110 (base 3) to base 2
-100111
What is 4 (base 13) in base 4?
10
-4 (base 7) to base 5
-4
What is -6 (base 16) in base 13?
-6
Convert 12 (base 13) to base 12.
13
What is 155 (base 9) in base 12?
ab
Convert 103 (base 5) to base 3.
1001
Convert -3 (base 13) to base 10.
-3
Convert -26 (base 15) to base 10.
-36
Convert -12 (base 9) to base 4.
-23
Convert 34 (base 9) to base 5.
111
What is 13 (base 12) in base 3?
120
Convert -1330 (base 5) to base 15.
-e5
Convert 5 (base 9) to base 5.
10
Convert 7 (base 15) to base 10.
7
14 (base 12) to base 9
17
Convert -10 (base 2) to base 9.
-2
What is 15 (base 6) in base 12?
b
10 (base 8) to base 13
8
0 (base 13) to 